v(c) = -c**3 - 2*c**2 + 2*c + 3. Let k be v(-2). Let l be (-52)/(-16) - k/(-4). Suppose -3*w = -2*x + 2264, l*w - 2291 = -2*x - 51. Is x prime?
False
Let p(v) = -329*v - 27. Let d(w) = -165*w - 14. Let q(y) = -13*d(y) + 6*p(y). Let f be q(-13). Is 1/((-1)/3*3/f) a composite number?
False
Let k be (-4)/20 + 252/10. Let r(o) = 2*o + 48 - 22 + k*o. Is r(11) composite?
True
Let w(f) = 4*f**2 - 51*f + 25. Let y be w(12). Let l(n) = n**3 + n**2. Let m(i) = 4*i**3 + 5*i**2 + 9*i - 25. Let u(h) = 3*l(h) - m(h). Is u(y) composite?
False
Is -1 + (18/15 - (-2357064)/30) composite?
False
Suppose 5*i + 5*m = -80, -7 = 7*i - 6*i - 2*m. Let o(n) = 43*n**2 + 23*n + 185. Is o(i) a composite number?
True
Suppose -9*d + 6027528 = -1713435. Suppose -29*v = -d - 30628. Is v a composite number?
True
Let k = 14008 + -7790. Is k prime?
False
Let s(w) be the third derivative of -509*w**6/60 + w**4/8 + w**3/3 + 5*w**2. Let q be s(-1). Let t = 2066 - q. Is t composite?
False
Suppose -72*f + 138*f = 70*f - 75436. Is f a composite number?
False
Let m(u) = 25*u**2 - 64*u - 290. Is m(-21) prime?
False
Let k(u) = -553*u - 226. Is k(-9) composite?
False
Let k(f) = -11*f + 0*f**2 + 0*f**2 + 16 + 2*f + 14*f**3 + f**2. Let w be k(7). Suppose -5*p - 3*y = -6*y - w, -p + 3*y + 968 = 0. Is p prime?
False
Let z be (-4)/(-20) - (-113894)/55. Let y = 4034 - z. Is y prime?
False
Suppose 79*b + 7*b + 7*b = 8701917. Is b a composite number?
True
Let f be ((-320)/15)/16*7116*-1. Is f - (5 + 54/(-9)) a prime number?
False
Let j = 71537 - 29334. Is j composite?
True
Let d(q) = 62*q**2 - 10*q + 2. Suppose -5*c = 3*r - 18, -5*c = -r - 25 - 9. Is d(c) a prime number?
False
Suppose 115*a = 1598483 + 15808722. Is a composite?
True
Suppose 0 = 95*o + 12*o - 2394767. Is o composite?
False
Suppose 5*n = 481 - 2286. Let o = -231 - n. Suppose 2*d - o = 2*u - u, 4*d + 5*u = 260. Is d composite?
True
Let j be 1*(-22)/(-4)*22. Suppose 5*x - 244 = 3*z, -z - 4*x - j = -34. Let o = z + 120. Is o a prime number?
True
Let o(r) = 335*r**2 - 45*r - 151. Is o(-19) composite?
True
Suppose 188*t - 201*t = -14573. Is t a composite number?
True
Let k be 4/1 - (-1 + 8). Let v(r) be the second derivative of 3*r**4 - r**3/6 + 2*r**2 - 4*r. Is v(k) a prime number?
True
Is (-14)/210 + (-59465298)/(-45) a composite number?
False
Let a = 169 - 118. Let j = a - 65. Is 16886/10 - (j/5)/7 prime?
False
Let v(b) = -28*b**3 + 4*b**2 + 2*b + 3. Let n be v(-4). Suppose 0 = 6*i - 1095 - n. Is i composite?
False
Suppose -4*s + 17 = 4*p - 35, 0 = 3*p - 3. Let o(j) = 2*j**3 - 7*j**2 - 13*j - 7. Is o(s) composite?
True
Let i = 63 - 47. Let t(f) = f**3 - 15*f**2 - 16*f - 18. Let m be t(i). Is 3/m*-2361*2 a composite number?
False
Let i(z) = 16*z - 29. Let r be i(20). Suppose 10*x - 10221 + r = 0. Is x a composite number?
True
Let k = 46566 + -34597. Is k prime?
True
Let g(c) = 13*c + 62. Suppose -b + 2*u - 8 = 0, -7*b + 3*b - 20 = 4*u. Let d be g(b). Is -2 + 7075 + d/4 prime?
True
Is 15/2*(-6)/(-45)*6 + 532527 prime?
False
Suppose 5*b - 40 = 5*p + 50, 5*p = b - 18. Suppose -21*w = -18*w + b. Is 5300/32 - w/16 prime?
False
Let b = 42808 - -12099. Is b a prime number?
True
Let j(u) = -2*u**2 + 56. Let y be j(5). Suppose 0 = -0*c + y*c - 2238. Is c prime?
True
Suppose -111796 = -3*m + 4*v, 15744 = 3*m + 4*v - 96068. Suppose -33*b = -m - 146839. Is b composite?
True
Let p(q) = 35*q**3 - 5*q**2 + 3*q - 2. Let u be 1/(5*4/60). Is p(u) a composite number?
False
Let k = -81489 + 207795. Is 2/(-7) + k/42 a prime number?
False
Is ((-355584759)/2665 - 2/(-26))*30/(-12) prime?
False
Is (-1)/22 - (-200251260)/2904 a composite number?
True
Suppose -376392 = 3*x - 10*r - 1864933, r - 2480937 = -5*x. Is x a composite number?
False
Let t = 74884 + 12855. Is t a prime number?
True
Suppose 4*v + 5*y + 1238 = 7120, 4394 = 3*v - 5*y. Suppose -4*w = -5*w + v. Suppose 0 = -9*x + 11*x - w. Is x composite?
True
Suppose 5 = -5*u, -2*t - 4*u = 3*t + 4. Is t/1 - (-51861)/59 a composite number?
True
Let i(t) = -11*t**3 - 2*t**2 + 3*t + 1. Let l(s) = -s**2 - s. Let g(k) = i(k) - 3*l(k). Suppose 0 = 7*c - c + 18. Is g(c) a composite number?
True
Let c(a) = -2*a + 33. Let o be c(10). Let x(u) = 6 - o - 84*u - 18. Is x(-11) prime?
False
Suppose 45*j = -216*j + 583654225 - 128228278. Is j a composite number?
False
Let u be (3/(-2))/(3/(-14)). Suppose -4*z = -5*o + u, -z - 5 = o - 10. Suppose 0 = v + 2*i - 503, z*v - 5*i + 509 = 3*v. Is v prime?
True
Let k = -58975 + 250388. Is k prime?
True
Suppose 3*w + 3*z - 8 = 4, -w = -2*z + 8. Let v(g) = 8*g**3 + 7*g**2 + 9*g - 57. Let l be v(7). Suppose c - 2*a = 4*c - l, w = 4*a. Is c a prime number?
True
Let z(q) = 2*q**3 - 6*q**2 - 10*q - 3. Let b(f) = 17*f - 25*f + 2*f**2 - f**3 + 8 + 8*f. Let p be b(0). Is z(p) a prime number?
True
Suppose 0 = -482*h + 966*h - 470*h - 34930. Is h prime?
False
Suppose 178035643 = 253*j - 106469823 - 33072531. Is j a composite number?
False
Let h(a) be the second derivative of -3*a**5/10 - a**4/6 - 3*a**3/2 + 5*a**2 + 95*a - 2. Is h(-7) a composite number?
True
Suppose 60*s + 69*s = 133*s. Let o be (-6)/12 - (-9314)/4. Suppose 311 = i + 4*z, 5*i + 3*z + 841 - o = s. Is i a composite number?
True
Let s(u) = 23067*u - 815. Is s(10) a composite number?
True
Suppose 7*b - 126 = 6*b. Suppose 375*w = 377*w - 16. Suppose -442 = -w*s + b. Is s a composite number?
False
Let s(c) = 1197*c**2 + 117*c + 497. Is s(-4) a composite number?
False
Let a(l) = 2*l**2 + 7*l - 10. Let o be a(-6). Suppose -32 + o = z. Is ((-2876)/z + 0)*3 prime?
True
Suppose 5*h = -5*q, -h + 6*h - 24 = 3*q. Suppose -3*j - 14 = 2*j - h*v, 0 = j - 4*v + 13. Is j/(-4 + 8611/2153 + 0) composite?
False
Is (-3*(-314)/12)/(6/15852) prime?
False
Let z(s) = -3*s - 7. Let b be z(-4). Let c(i) = -57*i**3 + 8*i**2 - 7*i + 2. Let r be c(b). Is (-1)/3 + r/(-21) a composite number?
False
Let t(v) = -v**3 + 9*v**2 - 6*v - 13. Let h be t(8). Suppose q + 640 = 4*b, -q + h*q = -b + 169. Is b a prime number?
False
Let j(r) = 11064*r**2 - 91*r - 474. Is j(-5) composite?
False
Let b(g) = 5336*g**2 + 156*g - 1102. Is b(9) a prime number?
False
Let l(s) = -s**3 + 9*s**2 + s - 5. Suppose 0*n = -3*n + 27. Let x be l(n). Is (1 - x) + 5 - (-375 - 0) a prime number?
False
Let g be -7 + 6 + 1/(2/6). Suppose -3*b + 10914 = -5*u, 18212 = 5*b - g*u + u. Is b a prime number?
True
Let x(o) = 83*o - 658. Is x(55) composite?
False
Suppose -28 = -2*a - 2*a. Let w(d) = -219*d + 6. Let g(j) = -438*j + 11. Let s(i) = a*w(i) - 4*g(i). Is s(3) composite?
True
Let d = 56 - -1038. Let z = d + -703. Is z a prime number?
False
Suppose 1842006328 = 43*b + 392*b - 593355527. Is b a prime number?
True
Let j be (-1)/((-2)/(-12))*(-226)/452. Suppose 4529 = j*s - 1936. Is s composite?
True
Suppose -2*v = 14 - 280. Let l be -343*2*(4 + v/(-14)). Suppose -6*s = -3*s + 5*i - l, -s + i = -1263. Is s prime?
False
Let b(z) = 1915*z**2 - 206*z - 616. Is b(-3) a composite number?
True
Suppose 0*y - y = -1088. Let p(f) = -2*f**2 - 98*f + 1. Let t be p(-42). Let r = y - t. Is r prime?
True
Let t be (-22)/(-66) + (-62)/12*(37 + 1). Suppose 0 = o - 0*o + 69. Let f = o - t. Is f a prime number?
True
Suppose 0 = -2*u - 18 + 12. Let l be (2265/u)/(1/(-3)). Suppose z = -8*o + 3*o + 1110, -o = 2*z - l. Is z a composite number?
True
Is 189/(-315) - 7134204/(-15) prime?
True
Suppose 18*n - 5*n - 870370 = 3*n. Is n a composite number?
False
Suppose 9526 - 3046 = 20*w. Suppose -435 = 11*c - 14*c. Let l = w - c. Is l prime?
True
Suppose 4*h - 13 - 3 = 0, -327642 = -2*g - 5*h. Is g a composite number?
False
Let g be -5 + (240/5)/6. Is g - 7/(42/(-3324)) a composite number?
False
Let l(k) = k**2 - k - 1. Let s(y) = 3*y**3 - 3*y**2 + 2*y - 836. Let h(f) = -3*l(f) - s(f). Is h(0) prime?
True
Let b = 79917 - -493438. Is b a prime number?
False
Let g be (-4)/(8/(-15)) - (-4)/(-8). Let b(f) = 7*f**2 - f - 5. Let i be b(g). Suppose 0 = 5*t + 3*m + m - i, t - 3*m = 70. Is t a prime number?
True
Let u = 103 - 7. Suppose -u = -8*d - 8*d. Suppose -9*x = -d*x - 14199. Is x a composite number?
False
Suppose 25*n = 68922 + 65353. Is n a prime number?
False
Let d(i) = -10*i - 3. Let h be d(-1). Suppose 8*c - h*c = 3816. Let m = c + -1797. Is m composite?
True
Let m(o) = -95*o**2 + 4*o - 46. Let g be m(6). Let f = 16